-3*s + k + 8 = 5*k, 0 = s - 2*k - 16. Let l be s/(-6)*(-6)/4. Let d(v) = v + l*v + 3 + v**2 + 0*v. Give d(-3).
3
Let h be (-7)/(14/(-12)) + -2. Let m(z) = 1 - h*z + 3*z - 5*z. Let i be m(1). Let n(d) = -d - 10. Give n(i).
-5
Let p(m) = -2*m - 11 + 25 - 15 + 2*m**2. What is p(2)?
3
Let j = -9 + 13. Let k(f) = f - 2. Determine k(j).
2
Let u(t) be the second derivative of -9*t**5/20 + t**4/12 + t**3/6 + t**2/2 + 13*t. Give u(-1).
10
Let d(h) = -2*h**3 - 2*h**2 + h + 2. Let u be (2 + 1)/(6/(-4)). Give d(u).
8
Let b(n) = -n**2. Let o be b(0). Let w(s) = -s + 12. Calculate w(o).
12
Let u(x) be the first derivative of x**5/120 + x**4/12 - 8*x**3/3 + 2. Let a(t) be the third derivative of u(t). Give a(0).
2
Let g(j) = j**2 + j - 1. Let w(l) = l**2. Let f(q) = g(q) + 2*w(q). Let n = -1 + 2. Calculate f(n).
3
Let b(r) = r**3 - 3*r - 1. Let a(m) = m**2 - 5*m + 5. Let c be a(4). Let l = c - 3. Calculate b(l).
-3
Let p(f) = -9*f - 9. Let w(s) = -s - 1. Let r(q) = 3*p(q) - 24*w(q). Suppose 6 - 26 = -4*j. Suppose -3*b = -j*v - 4, 3*b - v + 2 = -2. Calculate r(b).
3
Let o = 7 - 5. Suppose 0 = 2*p - 6, o*k - k = 3*p - 12. Let j(l) = l**2 + 5*l + 3. Calculate j(k).
-3
Let h(m) = -3*m + 15. Let v(q) = 5*q - 23. Let t(p) = -8*h(p) - 5*v(p). What is t(-7)?
2
Let z be (-2 - (-6)/4)*-14. Let t(l) = l**3 - 8*l**2 + 6*l + 10. Determine t(z).
3
Let d(m) = 2*m**3 - 10*m**2 + 13*m - 19. Let r(k) = -k**3 + 5*k**2 - 7*k + 10. Let q(v) = 3*d(v) + 5*r(v). Give q(5).
13
Let n(l) = 9*l + 17*l + l**2 - 29*l. Determine n(3).
0
Let y = 2 + 0. Let c be (-6)/(-4)*(-24)/(-9). Let v(x) = c*x + x - 1 - 3*x. Determine v(y).
3
Suppose -10 = -v + 15. Let w be (10/v)/(1/(-15)). Let d(h) be the third derivative of h**6/120 + 7*h**5/60 + h**4/4 - h**3/3 - h**2. Calculate d(w).
-2
Let x(m) = -m**2 - 5*m - 4. Let f(d) = -1. Let c(j) = -4*f(j) + x(j). Let y = -3 - 2. What is c(y)?
0
Let q(k) = 2*k**3 - 4 + 4 - k. Let d(g) = 5*g**2 + 7*g + 5. Let a(v) = v**2 + 2*v + 1. Let m(f) = -9*a(f) + 2*d(f). Let z be m(4). What is q(z)?
1
Let b(j) = -4*j + 13. Let l be b(3). Let z(p) = -15*p**3 - 2*p**2 + 2*p - 1. Calculate z(l).
-16
Let l(x) = -x**2 - 3*x + 1. Let p be -3 - -4 - 9/(2 + 1). What is l(p)?
3
Let k(v) = v**3 - 6*v**2 + 3*v + 1. Let c = -31 - -36. What is k(c)?
-9
Let h(j) be the first derivative of j**5/20 + j**3/6 + j**2/2 - 4*j + 3. Let o(w) be the first derivative of h(w). Give o(0).
1
Let z(i) = i**3 - 11*i**2 + 2*i - 17. Let h be z(11). Let f(t) = t**2 - 5*t - 6. Give f(h).
-6
Let y be (-12)/10*(-10)/4. Let u = 5 - y. Let k(l) = -7*l**3 - l**2 - 6*l + 6. Let f(z) = -3*z**3 - 3*z + 3. Let j(h) = -5*f(h) + 2*k(h). Calculate j(u).
3
Suppose -3*h + 5*m + 6 + 10 = 0, h - 3*m - 8 = 0. Suppose 5*k + 0 + 13 = p, -4*k - 2*p = h. Let g = 2 + k. Let f(c) = c**3 + c - 6. Calculate f(g).
-6
Let v = 5 + 0. Suppose i + 20 = 3*u, 2*u + 2*i + v = -i. Suppose -5*w - 3*j + 17 = 0, u*w - 3*j + 15 = 2*j. Let b(r) = 5*r - 1. Give b(w).
4
Suppose n = -v, 0 = -4*n + 3*n - 3. Let o(u) = -5*u + 0*u**3 + 2*u**2 - v + 0*u**3 + u**3. Calculate o(-3).
3
Suppose -10*x + 13*x + 2*n - 3 = 0, -4*x = 5*n + 3. Let s(w) be the second derivative of 2*w - 1/2*w**2 + 0 + 4/3*w**x. What is s(1)?
7
Let r(b) be the second derivative of b**5/4 - b**4/3 - b**3/3 + 3*b**2 + b. Let n(d) = -d**2 + 1. Let z(i) = 5*n(i) - r(i). What is z(1)?
-5
Suppose 0 = p - 3*t - t + 4, 0 = 3*p - 5*t - 2. Suppose -p*r = -8*r + 16. Let k(b) = 4 + 3*b**2 + 17*b**3 - 18*b**3 - 4*b + 6*b. Determine k(r).
-4
Let y = 49 + -45. Let w(h) = -h + 3. Calculate w(y).
-1
Let y(j) = j**3 + 4*j**2 + 3*j - 1. Let i be 1/(-1)*(-5 - -8). Calculate y(i).
-1
Suppose -3 = 5*m + 2. Let v(f) = 7*f**2 - f. Let z be v(m). Suppose z*y - 3*y = 10. Let j(q) = -2*q - 1. Give j(y).
-5
Let j be (36/48)/(2/(-16)). Let l(f) be the second derivative of f**5/20 + 5*f**4/12 - 3*f**3/2 - 7*f**2/2 - f. Give l(j).
11
Let z(v) = -3*v - v + v + 5. Let o(y) = 2*y - 5. Suppose 0*c + 9 = 3*c. Let n(q) = c*z(q) + 4*o(q). Calculate n(-3).
-2
Let x(g) = -g**2 + g - 1. Let k = -9 + 12. Suppose -12 = -3*u + 15. Suppose k*r = u - 0. What is x(r)?
-7
Let g be (10/(-3))/(2/(-3)). Let l(q) = q + 3*q - 2*q - 5. What is l(g)?
5
Let s(l) = -l**2 + 3*l + 7. Suppose -2*r + 5 = -5. Determine s(r).
-3
Let l = -31 + 34. Let r(z) = -z**2 + 3*z - 2. Calculate r(l).
-2
Let d(t) = -t**3 + 3*t**2. Let x be 1/(-4)*(-15 + 3). Let p(n) = -3 - x + 5*n + 4. Let y be p(1). Give d(y).
0
Let h(s) = 2*s**2 + 3*s + 9. Let u = 14 - 12. Let l(j) = -j**2 - j - 5. Let m(y) = u*h(y) + 5*l(y). Determine m(0).
-7
Suppose -3*k + 3 = 5*l - 5, 3*l + 5*k = 8. Let m(u) be the third derivative of 1/12*u**4 + 0*u + 0 - 1/6*u**3 - 2*u**2 - 1/10*u**5. What is m(l)?
-5
Let h(b) = -b + 4. Let o(q) = -q**3 - 7*q**2 + q + 9. Let r be o(-7). Let z be h(r). Suppose -z*p - 9 = p. Let x(w) = 2*w**2 + 4*w - 1. Calculate x(p).
5
Let v(g) = -12*g + 1. Let i = 2 + 11. Suppose 5*k = -0*x + 3*x - 1, 4*x - i = -5*k. Determine v(k).
-11
Let u be (-2 + 21/9)*9. Let d be (-2)/(-1)*u/6. Let o be d/(3 - (-11)/(-4)). Let s(q) = -q + 2. Give s(o).
-2
Suppose -59*l + 65*l = 12. Let t(m) = 2*m - 2*m + m**2 - 3 + 2*m. Calculate t(l).
5
Let f(l) = l**2 - 6*l + 2. Suppose -4*v - 24 = 5*w, -3*v + 19 = -5*w - 2*v. Let c(d) = 2*d**2 + 4*d + 3. Let h be c(w). Let r be h/7 - 8/(-28). Determine f(r).
-7
Let i(a) = a - 2*a + 2 + 0 + 0. Calculate i(6).
-4
Let a(m) be the first derivative of -3 + 5/2*m**2 - 2*m - 1/3*m**3. Calculate a(4).
2
Let b(p) be the third derivative of 0 + 1/24*p**4 + 0*p + 0*p**3 - 7*p**2. Determine b(3).
3
Let g(s) = 1 - 2655*s + 2655*s - s**2. Let k be 4 + 0/(-3 - -1). Let w = -6 + k. Give g(w).
-3
Let j(b) = -b**2 + 2*b. Let m be ((-2)/(-3))/((-4)/(-18)). Suppose 4*f = -0*c - c + m, -f = c + 3. Determine j(f).
0
Suppose o + 5*j + 18 = 0, 2*o + 0*o - 4*j = 20. Let l(t) = 3*t**2 - 7. Let a(m) = m**2 - 2. Let p(y) = 7*a(y) - 2*l(y). Give p(o).
4
Let g(c) = 5*c**2 - 3*c - 1. Let y(b) = 4*b**2 - 3*b - 1. Let a(u) = 3*g(u) - 4*y(u). Let p(n) = -3*n - 3. Let d be p(-2). What is a(d)?
1
Suppose 5*z + 43 - 3 = 0. Let t be 9/(-6)*z/3. Let h = t - 0. Let v(d) = -d**2 + 5*d - 2. What is v(h)?
2
Let n(u) be the second derivative of u**3/6 + 3*u**2/2 - 5*u. Give n(4).
7
Let j(r) = -3*r**2 + 0*r + 2*r**2 - 4*r. Determine j(-5).
-5
Let k(z) be the third derivative of 0*z + 1/3*z**3 + z**2 - 1/24*z**4 + 0. Suppose 6*x + 8 = 26. What is k(x)?
-1
Let p(z) = z - 1. Suppose 2*w - 6 = -w. Suppose 2 + 0 = w*x. Let a = -2 + x. What is p(a)?
-2
Let k(l) = -l - 2. Let a = -21 - -18. Let s(o) = 4*o + 4. Let j(v) = v + 1. Let p(n) = 10*j(n) - 3*s(n). Let q be p(a). Calculate k(q).
-6
Let f(n) = n**2 - 3*n - 5. Suppose 0 = -3*m - 3 - 0, 0 = -w + 4*m + 7. Let c be (-12)/2*(-2)/w. What is f(c)?
-1
Let y(k) be the second derivative of k**4/6 - k**3/3 + k**2/2 - 14*k. What is y(2)?
5
Let p(g) be the second derivative of g**4/6 - g**3 + 5*g**2/2 + 13*g. What is p(4)?
13
Let z(t) = -t**2 + t - 5. Let p be z(0). Suppose 0 = 2*y - 10, 3*y - 19 = o - y. Let w(g) = -3*g + 4 + o - g**2 + 2. What is w(p)?
-3
Suppose 0 = -2*t - q, 2*t + 0*t + 5*q + 16 = 0. Let x(r) = -3*r + r + t*r - 1 - r. Calculate x(5).
-6
Let c(j) = 128 + j**3 - 3*j - 63 - 64. What is c(2)?
3
Let l(q) be the first derivative of -5*q - 7/2*q**2 + 5 - 1/3*q**3. Determine l(-6).
1
Let z(p) = -p**2 + 4*p + 6. Suppose 16 - 37 = -5*t - 4*l, -3*t + 11 = 4*l. What is z(t)?
1
Let z be (4/14)/((-4)/(-28)). Suppose -z*f = -4*f - 8. Let t(h) = h + 1. Let n(c) = 2*c - 2. Let p(s) = -n(s) + 4*t(s). What is p(f)?
-2
Let q(m) = -2 - 7*m - 10*m + 20*m. Suppose -12 - 8 = -5*v. Give q(v).
10
Let g(v) = -v**3 - 2*v**2 - 3*v. Let m(s) = 2*s + 2. Let o be 0 - (9/3 + -1). Let h be m(o). Give g(h).
6
Let z(b) = -2*b - 1. Let n(v) = -v**3 - 5*v**2 - 5*v + 4. Let i be n(-4). Let d(o) = o**2 - 8*o + 2. Let y be d(i). Suppose y = 4*r - 2*r. Determine z(r).
-3
Let j(u) = -u**3 - 8*u**2 + 11*u. Let w be j(-9). Let i = -12 - w. Let b(k) be the second derivative of -k**3/6 + 4*k**2 - 2*k. Give b(i).
2
Let x be (12/(-10))/((-1)/25). Suppose q + j + 4*j = x, 4*q - 40 = -4*j. Let l(v) = 3*v**2 + 3 + 6*v - 5*v**2 + v**2. Calculate l(q).
8
Let i(d) = -9 - 3*d + d**3 + d**2 + d + 7. Give i(-2).
-2
Let x(j) be the first derivative of -j**2/2 - 2*j - 1